(u).
4
Let z(q) = -2*q - 277 + 277 - 2*q. Calculate z(2).
-8
Let h(x) = x - 1. Suppose -2*j = -0*j + 3*s + 17, 0 = -j - 3*s - 10. Let m = j - -13. Let a be h(m). Let l(v) = v**3 - 4*v**2 - 6*v + 2. Determine l(a).
-3
Let d(x) = x**2 - 8*x - 7. Let u be d(9). Suppose 3*y + 2*y - 15 = 0. Let j(v) = v**y + 0 + 4*v - 1 + 6*v**2 - u. What is j(-5)?
2
Let p(v) = -3*v**3 + v. Let a = 11 - 20. Let t(c) = -7*c**3 + c**2 + 2*c + 1. Let f(k) = a*p(k) + 4*t(k). Calculate f(4).
0
Let x(h) = -5*h**2 - 2*h + 1. Let d(u) = 2*u + 23. Let c be d(-11). What is x(c)?
-6
Suppose -15 = -4*n - 3. Let x(u) = -4*u + 11. Let p(i) = 9*i - 22. Let o(d) = n*p(d) + 7*x(d). Calculate o(5).
6
Suppose 0 = y + v - 2*v - 9, 2*y = -2*v + 2. Let k(n) = -n**3 + 5*n**2 + n - 1. Give k(y).
4
Let b(g) be the second derivative of -g**8/6720 + g**7/1260 + g**5/120 - g**4/2 + 6*g. Let s(q) be the third derivative of b(q). Calculate s(2).
1
Let v(w) be the third derivative of w**5/60 - w**2. Let o(j) = j**3 - 3*j**2 + j - 2. Let m(u) = o(u) - 3*v(u). Calculate m(6).
4
Suppose -4 - 31 = 5*i. Let j(a) = 8*a + 6. Let s(b) = -6*b - 7. Let d(u) = 2*j(u) + 3*s(u). Determine d(i).
5
Let b(d) = -d**2 - d + 4. Let w = -11 + 17. Suppose -4*v = 2*j + 6, 4*v - w*j - 15 = -j. What is b(v)?
4
Let h(v) = -v - 7. Let l be h(-11). Suppose l*b - 7 = 5*b + 4*w, -4*w - 12 = 0. Let j(z) = -z**3 + 5*z**2 - 2*z + 6. Determine j(b).
-4
Let z(a) = 7*a + 2*a**2 - 2 + 2*a**2 + 9 - 3*a**2. Calculate z(-5).
-3
Let q(l) = 6 - 3 - l**3 + 3*l**2 + 2*l**2. Let u(s) = -10*s + 1. Let m(x) = 9*x - 1. Let n(v) = -6*m(v) - 5*u(v). Let t be n(-1). What is q(t)?
3
Suppose 3*w - 28 = -4*s, -3*s + 18 + 3 = 4*w. Let t = s + -13. Let f(x) = -x - 6. Give f(t).
0
Let v(z) = 5*z + 5. Let x be (2/4)/((-2)/16). Give v(x).
-15
Let u = 4 - -6. Let m be (8/u)/(2/(-10)). Let r(t) = t**2 + 2*t - 5. Determine r(m).
3
Let s be (4/(-6))/((-12)/(-90)). Let q(a) = 2*a**2 + 6*a + 11. Let u(h) = 3*h**2 + 9*h + 16. Let k(l) = -7*q(l) + 5*u(l). What is k(s)?
13
Let o(p) = -p**3 - 5*p**2 - 2*p + 1. Let u be o(-2). Let i(w) = 3*w + 8. Calculate i(u).
-13
Suppose 4*q + 5*g = 36, 3*q - 2*g - 5 = -1. Let m(d) be the third derivative of 1/4*d**q - 1/60*d**5 + 0*d - 5/6*d**3 + 2*d**2 + 0. What is m(5)?
0
Let z = 7 + -11. Let o(b) = -b**2 - 7*b - 4. What is o(z)?
8
Suppose u + u = 4. Let c(o) be the second derivative of -o**6/360 + o**5/60 - o**4/8 + o**3/2 - 4*o. Let d(l) be the second derivative of c(l). Give d(u).
-3
Let a(d) = 1. Let w(y) = y - 6. Let x(f) = -4*a(f) - w(f). Determine x(7).
-5
Let d(x) be the first derivative of -x**3/3 + x**2/2 - 5*x + 2. Suppose 0*t + 5 = -t. Let b = 5 + t. Calculate d(b).
-5
Let k be 1 + -2 + (1 - 3). Let y be (-1)/((3/4)/k). Let q = 1 + y. Let n(b) = b**2 - 5*b + 1. What is n(q)?
1
Let v(n) = n**2 - 13*n + 9. Let o(c) = -3*c + 2. Let t(y) = -9*o(y) + 2*v(y). Determine t(-2).
6
Let g(r) = 10*r - 16*r + 2*r - 5. Calculate g(4).
-21
Let b(n) be the first derivative of n**2/2 + 27. What is b(-3)?
-3
Let y(c) = 2*c - 9. Let s(z) = z - 1. Let d(k) = 3*s(k) - y(k). What is d(-5)?
1
Suppose -5 - 15 = -5*m. Let n(k) = -4 + k**2 + 1 + 7 + m*k. Suppose v + 4*w - 5 = 0, 3*v = 5*v - 5*w + 16. What is n(v)?
1
Let q(c) = -c. Let f(g) = 6*g + 3. Let l(b) = -f(b) - 5*q(b). Give l(-5).
2
Let m(f) be the first derivative of 2*f**2 - f - 1. Let y = -1 - 0. Give m(y).
-5
Let b(j) be the second derivative of j**4/12 + j**3/3 - 3*j**2/2 - 9*j. Suppose 8*m + 15 = 3*m, 5*k + 29 = -3*m. Calculate b(k).
5
Let f(l) = l**3 + l**2 + 1. Let s(k) = -k**3 - 4*k**2 - k - 4. Let j be s(-4). Let i = j + 0. Let n be (1*(0 - i))/(-2). Calculate f(n).
1
Let o(q) be the first derivative of 19*q**2/2 - q + 18. Calculate o(-1).
-20
Let l = 31 + -28. Suppose z + 2*z - 27 = -4*y, -z + 8 = y. Let g(u) = z - u - 4 + 3. Calculate g(l).
1
Let d(b) = -b**3 + b**2 + 3*b + 1. Let n = 12 + -8. Let c = 7 - n. Give d(c).
-8
Let i = 9 + -6. Suppose 0 = -6*h + i*h + 6. Let v be (-1)/((h/(-5))/(-2)). Let k(p) = -p**3 - 5*p**2 - 6. Give k(v).
-6
Let v(q) = 3 + 0*q**2 - q**2 + 4*q + 2*q**2. Let p = -15 - -11. Let g be (2/(-4)*p)/(-1). What is v(g)?
-1
Let c(d) = -3*d - 3*d - 3*d**2 + 6*d**2 - 2*d**2 + 6. Let k be (-2)/(-4)*(7 - -3). What is c(k)?
1
Let s(h) = -4*h**2 - 4*h - 2. Let y(q) = q**3 - 7*q**2 - 6*q - 10. Let m be y(8). Suppose -t = 2*t + m. Calculate s(t).
-10
Let w(y) = 3*y**2 - 2*y - 1. Suppose 2*z = -v + 11, 0 = v - 5*z + 4 + 6. Let n be ((-22)/(-55))/(1/v). Give w(n).
7
Let f(o) = 2*o - 27*o**2 + 11*o**2 - o**3 + 17*o**2. Give f(-2).
8
Suppose -w + 24 = w. Let l(o) = o - 15. Let f be l(w). Let t(q) = -2*q**2 - 2*q + 4. What is t(f)?
-8
Let f(n) = -n**3 - 2*n**2 + 5*n + 3. Let c be f(-3). Let j be (-2)/((-1)/((-6)/c)). Let i(v) = -5*v + 5*v - 3 + 2*v + 1. Give i(j).
6
Let m(h) = -5 + 6*h**2 - 27*h - h**3 + 2 + 24*h. Calculate m(4).
17
Let a(h) = h**3 - h**2 - h + 10. Let l be a(0). Suppose -l = m - 9. Let k(j) = -19*j**2 - j - 1. What is k(m)?
-19
Let s(g) = g**3 - 4*g**2 - 6*g - 5. Let b(d) = d**3 + 7*d**2 + 6*d + 5. Suppose -4*t - 20 = -r, -4*r = 3*t + r + 38. Let o be b(t). What is s(o)?
-10
Let l(v) = -v + v + 5*v - 1. Give l(2).
9
Suppose 2*a - 28 = a + 5*i, -2*a - 4*i = 14. Let p be (-1 - 2)/a - -3. Let y(h) = 4*h. Calculate y(p).
8
Let n = -47 + 46. Let o(m) be the first derivative of -m**4/2 - m**3/3 - m**2 - m + 1. Determine o(n).
2
Let a(v) = -5 - 12*v**2 - 8*v + 10*v**2 + v**2. Calculate a(-5).
10
Let n(m) = m**2 + 5*m - 2. Let z(q) = q + 10. Let v be z(-14). Give n(v).
-6
Suppose -2*g - u + 24 = u, 10 = 2*u. Let c(i) = 7*i**2 - 7*i - 11. Let y(q) = -q**2 + 2. Let k(w) = c(w) + 6*y(w). Calculate k(g).
1
Let s(t) be the first derivative of -t**4/4 - 5*t**3/3 + 7*t**2/2 + 2*t - 2. What is s(-6)?
-4
Let c(d) = -5*d - 11. Let q(y) = -y**3 + 6*y**2 - 5*y + 8. Let g be q(5). Let b(w) = 3*w + 7. Let z(l) = g*b(l) + 5*c(l). Give z(-6).
7
Let u(p) be the first derivative of p**2 - 2*p + 3. What is u(6)?
10
Suppose 10 = 9*b - 4*b. Let n = 2 - b. Let g(p) = -p - 8. Calculate g(n).
-8
Let u(d) be the first derivative of -d**4/4 + 5*d**3/3 - 3*d**2/2 + 1. Suppose -4*c = -4*x + 15 + 5, 5*c = -2*x + 45. Suppose -4*g + x = -2. Determine u(g).
9
Let m(k) = 2*k + 3. Let h(a) = a + 1. Let f(z) = -5*h(z) + 2*m(z). Give f(3).
-2
Let g(i) = 4*i**3 + 301*i - 3*i**3 + 0*i**3 - 297*i - 6*i**2. Give g(4).
-16
Let t(c) = c**2 + c + 1. Suppose 0 = s + 4*s - 10. Suppose -2*p = 3*n + 6, -p + s*p = n + 2. Determine t(n).
3
Let n(q) = -5*q + 2. Let b(c) = -1 + 8*c + 0*c - 5*c. Let s(u) = -8*b(u) - 5*n(u). What is s(0)?
-2
Let r(a) = 2*a**3 - 3*a**3 + 5 + 4. Let s(k) = -k**2 - 22*k + 23. Let q be s(1). Determine r(q).
9
Let k(g) = 41 + 2*g - 3*g - 20 - 17. Calculate k(-6).
10
Suppose -3*w + 12 = -5*w. Let l = w - -9. Let x(a) = -a**2 + 4*a + 1. Calculate x(l).
4
Let x = -10 + 15. Suppose -2*h + 17 = x. Let d(s) = -s**2 + 7*s - 4. Calculate d(h).
2
Let c(z) = z - 3. Let t be (-216)/(-60) + 2/5. Give c(t).
1
Let n(f) = 2*f**2 - 1. Let b(a) = -a**2 + 7*a - 6. Let l be b(6). Suppose 2*x - 6*x + 8 = 0. Let c = l + x. Calculate n(c).
7
Let b be 33/(-6) + (-2)/4. Let z(h) = -5*h - 8. Let t(f) = -4*f - 7. Let c(x) = 6*t(x) - 5*z(x). Determine c(b).
-8
Let o(t) = 1 + 0*t - 3*t + 2*t. Let p be o(-2). Let w(i) = 2 - 7 + 0*i + i. Determine w(p).
-2
Let h = -4 - -8. Suppose 2*u - u - 2 = 0. Let p(s) = 2 - s + u*s - 6. Calculate p(h).
0
Let n(w) = -4*w**3 + 17*w**2 - 13*w - 7. Let j(a) = 11*a**3 - 50*a**2 + 39*a + 22. Let p(r) = -3*j(r) - 8*n(r). Calculate p(13).
-10
Let i(f) = -4*f - 14. Let h(s) = 3*s + 13. Let y(o) = -7*h(o) - 6*i(o). Suppose -b = -4*b + 6. Suppose -z + b = -3. Give y(z).
8
Let n = 1 + -1. Let c(k) be the third derivative of -3*k**2 + 0*k - 1/2*k**3 + 0 + 1/24*k**4. What is c(n)?
-3
Let l(s) = s**3 - 7*s**2 - 5*s + 1. Let g(p) = 4*p**3 - 21*p**2 - 14*p + 4. Let a = 2 + 0. Let r(i) = a*g(i) - 7*l(i). Determine r(-6).
-5
Suppose 2*s - 4*s + 8 = 0. Let o be ((-6)/(-4))/((-9)/(-132)). Let q be o/(-8) - s/16. Let b(h) = 2*h - 1. Give b(q).
-7
Let i(a) be the second derivative of -a**5/10 - a**4/6 + 3*a. Let r be i(-2). Suppose 2 + r = 5*w. Let z(f) = f**3 - 2*f**2 + f + 2. Give z(w).
4
Let h(k) = 8*k + 1. Suppose -7 = -3*u - 2*a, 0*a = 3*u - 5*a + 28. What is h(u)?
-7
Let w(m) 